 12*g + 2535. Calculate the remainder when g is divided by 86.
83
Suppose 2*p - 4*h - 1133 = -3*p, -h = 3*p - 690. What is the remainder when p is divided by 5?
4
Let z(q) = 3*q - 4. What is the remainder when (-25)/(-2) - (-2 + 6/4) is divided by z(3)?
3
Let l = -15 - -19. Suppose 48 = -l*p + 6*p. What is the remainder when 118 is divided by p?
22
Suppose 3*k + 2 = 8. Suppose 0 = c - 9 + 6. Suppose -c*b + k = -2*r, r + 4*b = -r + 26. Calculate the remainder when r is divided by 3.
2
Suppose 0 = -v - 4*j + 16, 2*j + 54 + 26 = 5*v. Suppose 7 + 25 = 3*p - 4*l, -p - 4*l = -v. What is the remainder when 33 is divided by p?
9
Suppose 4*t = 2*t + 4. Let m(c) = 11*c**3 - 4*c**2 - 30*c + 34. What is the remainder when m(1) is divided by t?
1
Let v = -390 - -481. What is the remainder when 284 is divided by v?
11
Let z(h) = -3*h**3 - 2*h**2 + h. Let u(f) = 2*f**3 - 54*f**2 + 56*f - 80. Calculate the remainder when u(26) is divided by z(-2).
10
Let h(z) = z**3 + 10*z**2 + 19*z + 10. Let c be h(-9). Let d = 111 + c. Calculate the remainder when 90 is divided by d.
28
Suppose -8*d = 6*d - 13*d - 27. Suppose z + 4*n = 113, -2*n - 12 = 2*z - 226. What is the remainder when z is divided by d?
24
Suppose 10 = -2*h, 4*b + 4*h + 24 = 6*b. Suppose 0 = b*z - 3*d + 4, 2*d + 1 = 9. What is the remainder when 8 + 84/60 - 4/10 is divided by z?
1
What is the remainder when 289 is divided by (-9)/((-54)/(-60)) + 108?
93
Let x = 808 - 641. Let r(k) = -k**3 + 7*k**2 - 3*k - 7. Calculate the remainder when x is divided by r(5).
27
Let h = -14 - -9. Let t(x) = x**2 + 1. Calculate the remainder when t(6) is divided by (0 - (h - -3)) + 11.
11
Suppose 0 = 6*t - t - 160. Suppose 48 + 105 = 17*l. Calculate the remainder when t is divided by l.
5
Let g(j) = -j + 11. Suppose 42 = 4*x - 5*d - 3, 0 = 3*x + 4*d + 5. What is the remainder when x is divided by g(6)?
0
Let k(a) = -a + 17. Suppose 5*x - 34 = 3*x. Let l be k(x). Calculate the remainder when (l + 13)*6 + 0 is divided by 20.
18
Let x = 896 + -866. Calculate the remainder when 96 is divided by x.
6
Let m(k) = k**2 + 16*k + 49. What is the remainder when 42 is divided by m(-14)?
0
Let s = -224 - -333. Suppose 422*m - 150 = 407*m. Calculate the remainder when s is divided by m.
9
Let i = -787 + 969. What is the remainder when i is divided by 42?
14
Let n(h) = h**2 - 3*h - 5. Let v be n(6). Let y = v - -2. What is the remainder when 32 + -1 - (2 - -2) is divided by y?
12
Let l(n) = -2*n + 8. Let c(w) = w**3 + 8*w**2 + 10*w + 8. What is the remainder when c(-6) is divided by l(2)?
0
Let d = 14 + 71. Calculate the remainder when d is divided by 23.
16
Let r(i) = -i + 11. Let o be r(-9). What is the remainder when 96 is divided by 5/o*22*3*2?
30
Let t be (-10)/20*14/(-1). Suppose w + t = 10. Suppose -5*r - a = -149, -5*r - 3*a = -w*r - 57. Calculate the remainder when r is divided by 11.
8
Suppose 0 = 7*i - 13 + 104. Let c = i + 46. Calculate the remainder when 130 is divided by c.
31
Let u = -42 - -15. Let d = 78 + u. Suppose -3*k + 5*i + d = -40, 4*i - 68 = -4*k. Calculate the remainder when 84 is divided by k.
18
Let l = 1 - 15. Let c(w) = w**2 + 15*w + 19. What is the remainder when 18 is divided by c(l)?
3
Suppose 3*k + 0*k + 11 = 4*x, -5*k - 5 = 0. What is the remainder when 5 is divided by 2 - (-5 + 1 + x)?
1
Suppose -7*z + 330 = -z. Suppose 5*b - z = -3*i, -3*i + 4*b - 3*b = -25. Suppose i*o = 12*o - 88. Calculate the remainder when o is divided by 9.
8
Let v = 303 + 55. Calculate the remainder when v is divided by 30.
28
Suppose 4 = 4*j - 12. Suppose j*p - 130 = -p. Calculate the remainder when 93 is divided by p - (-3)/(12/(-8)).
21
Suppose -375 = -9*a + 6*a. Suppose 5*q - 10 - a = 0. What is the remainder when q is divided by 8?
3
Suppose -5*m + 2*m = -21. Suppose -5*t = 2*k - 93, -3 = 191*t - 192*t. What is the remainder when k is divided by 96/7 + 2/m?
11
Let s be -4 - -3 - -10 - 4. Suppose -5*f - s*n - 32 - 63 = 0, 4*f + 91 = n. What is the remainder when 74 is divided by (4 - (f - -1))/1?
24
Suppose 5*n = -3*i + 45, 0 = 5*n - 2*i - 54 + 9. What is the remainder when n is divided by (2*-3)/((-3)/2)?
1
Calculate the remainder when 257 is divided by (63 + -50)/((-2 + 3)/4).
49
Suppose -3*c + 46 = 2*c + 3*w, -5*w + 10 = 0. Suppose n - 2*f = -9 + 46, -5*n = -4*f - 191. What is the remainder when n is divided by c?
7
Suppose -5*w + 2*n = -n + 18, -3*n = -2*w. Let m be 14/3*w/4. Calculate the remainder when 43 is divided by (-159)/m - 20/(-70).
20
Let y = 425 - 69. Calculate the remainder when y is divided by 26.
18
Let z = 36 + -10. Let w be 5*(2/2 - 0). Suppose w*t + 5 = 0, -z = -f + 4*t - 6. Calculate the remainder when 31 is divided by f.
15
Suppose -5*j + 4*j + 4 = 0, 0 = 4*g - j - 132. Let q = -125 + 143. What is the remainder when g is divided by q?
16
Suppose 4*q - 4 - 15 = 3*y, 4*q = 4*y + 20. Let f = q - 14. Calculate the remainder when 31 is divided by (-168)/(-15) - (-2)/f.
9
Suppose 0 = -10*x + 372 + 228. Calculate the remainder when x is divided by 11.
5
Suppose 0*z = 4*z - 36. Let y be (-21)/(-7)*4/6. Suppose 3*m - 77 = 5*q, -m + y*q - 5*q = -49. Calculate the remainder when m is divided by z.
7
Let l(h) = h**2 + 15*h + 60. What is the remainder when 21 is divided by l(-6)?
3
Suppose 0*c + c + 3*z = 14, -4*c + 86 = -3*z. Calculate the remainder when 299 is divided by c.
19
Let b = -59 + 64. Suppose 45 = 2*p + 2*p + 5*j, -b = -5*j. What is the remainder when 78 is divided by p?
8
Let z = -31 + 21. Let h = -1 - z. Calculate the remainder when 42 is divided by h.
6
Suppose 0 = -12*o + 6 + 354. Suppose -4*w = 2*x - 34, 4*w - 57 + 17 = -4*x. Calculate the remainder when (4 - o/5)*18/(-3) is divided by w.
5
Suppose -2*v - 2*s - 2*s = -12, 5*v + s = 39. What is the remainder when 270 is divided by v?
6
Let a = -513 + 542. Calculate the remainder when 138 is divided by a.
22
Let z(u) = 3*u**2 + 178*u - 234. Suppose d - 14 - 1 = 0. What is the remainder when z(-61) is divided by d?
11
Let u(w) = w + 11. Let l be u(-7). Suppose -l*q = 4*t - 240, 5*t - 4*q + q - 340 = 0. Calculate the remainder when t is divided by 23.
19
Let f be -156 + (-1)/(-1) - (7 - 6). Let p = -70 - f. What is the remainder when p is divided by 30?
26
Suppose 4*s + 4*b + 20 = 2*s, 4*s = b - 22. Let f be 4/s + 252/(-27). Calculate the remainder when ((-217)/7)/(2/f) is divided by 39.
38
Suppose 23 = 5*s - 267. What is the remainder when s is divided by (-2)/9 + (-544)/(-18)?
28
Suppose 3*c + 5 = -5*g, 2*g - 4*g + 3*c = 2. Let x be ((-1)/g)/((-9)/18). Calculate the remainder when x/9 - (-128)/9 is divided by 5.
4
Let u(q) = 10 - q + 1 - 3 - 3 - 2 + 5*q**2. Suppose -1 = -3*w - 2*v - 7, -4*w + 4*v = 8. Calculate the remainder when u(w) is divided by 14.
11
Suppose 4*t = -3 + 11. Let y(s) = -12*s - 4*s**2 + 17*s**t - 3 + 10 - s**3. What is the remainder when 12 is divided by y(12)?
5
Suppose 38 = 3*n + 8. Let h be (4*1)/(n - 9). Suppose -5*c - 9 = -2*a, 5*a - h*c - 8 = 6. Calculate the remainder when 8 is divided by a.
0
Let q(w) = 37*w + 2. Let c = 89 + -88. What is the remainder when q(c) is divided by 15?
9
Let c(z) = -z**3 + 19*z**2 + 19*z + 24. Let w be c(20). Suppose 0 = w*x + 3 - 83. What is the remainder when 37 is divided by x?
17
Suppose 0*f + 4*k = 4*f - 64, -f - k = -12. Let a(q) = 134*q - 3014. Calculate the remainder when a(23) is divided by f.
12
Suppose 2*q = -2*q - 4*k + 476, 3*k - 474 = -4*q. Suppose 0 = 12*m - 3*m - q. Calculate the remainder when 36 is divided by m.
10
Suppose 114 = 3*b - 3*r, -2*b = 3*r - 65 - 11. What is the remainder when b is divided by 21?
17
Let f(i) = -78*i + 289. Calculate the remainder when f(3) is divided by 17.
4
Let a be (-1)/7 + (-223)/7. Let p = a - -36. What is the remainder when 15 is divided by p?
3
Suppose -2*g + 39 - 297 = c, -c - 131 = g. Let h = g - -213. What is the remainder when h is divided by 22?
20
Let h = 202 - 181. What is the remainder when 72 is divided by h?
9
Suppose r = 5*y - 142, 13*y - 5*r = 14*y - 44. Let i(g) = -3*g + 4. What is the remainder when y is divided by i(-4)?
13
Let c = 285 - 201. Suppose -c = -15*r + 13*r. Calculate the remainder when r is divided by 15.
12
Calculate the remainder when 175 is divided by (-4)/8*(-3)/(9/264).
43
Let k = -5 + 13. What is the rema